git of 38254567?
7
What is the thousands digit of 10140096?
0
What is the tens digit of 55838411?
1
What is the hundred millions digit of 160582167?
1
What is the hundred thousands digit of 53806332?
8
What is the hundred millions digit of 4317283770?
3
What is the millions digit of 109623579?
9
What is the units digit of 550293542?
2
What is the ten millions digit of 168417780?
6
What is the millions digit of 789492138?
9
What is the hundreds digit of 99814474?
4
What is the ten millions digit of 863290600?
6
What is the hundred millions digit of 294431948?
2
What is the millions digit of 666069834?
6
What is the units digit of 1302517396?
6
What is the ten millions digit of 471693032?
7
What is the tens digit of 186898416?
1
What is the ten millions digit of 666428459?
6
What is the hundred millions digit of 631712787?
6
What is the tens digit of 33291303?
0
What is the tens digit of 80114830?
3
What is the hundred thousands digit of 4943594793?
5
What is the billions digit of 2707481520?
2
What is the ten thousands digit of 3248380?
4
What is the thousands digit of 67555928?
5
What is the tens digit of 583989272?
7
What is the ten thousands digit of 65928692?
2
What is the ten millions digit of 167190125?
6
What is the millions digit of 55957379?
5
What is the billions digit of 1883505579?
1
What is the thousands digit of 13980979?
0
What is the units digit of 105062359?
9
What is the millions digit of 85083943?
5
What is the hundred thousands digit of 10671210?
6
What is the hundred thousands digit of 190241276?
2
What is the millions digit of 2339512548?
9
What is the tens digit of 1853167659?
5
What is the hundred thousands digit of 256864896?
8
What is the units digit of 146242662?
2
What is the hundreds digit of 314260111?
1
What is the hundreds digit of 83250900?
9
What is the hundred thousands digit of 489845043?
8
What is the hundred thousands digit of 14480620?
4
What is the hundreds digit of 475397148?
1
What is the units digit of 210163831?
1
What is the hundreds digit of 420080415?
4
What is the hundred thousands digit of 328212142?
2
What is the hundred millions digit of 891230227?
8
What is the hundred thousands digit of 643291?
6
What is the billions digit of 3144258665?
3
What is the hundred millions digit of 188565741?
1
What is the hundreds digit of 105449679?
6
What is the hundreds digit of 2561081683?
6
What is the billions digit of 2238243872?
2
What is the tens digit of 104967197?
9
What is the hundred thousands digit of 465250302?
2
What is the millions digit of 311572632?
1
What is the hundreds digit of 1102886592?
5
What is the tens digit of 130465725?
2
What is the hundred thousands digit of 886298366?
2
What is the hundred thousands digit of 166993424?
9
What is the millions digit of 732805802?
2
What is the units digit of 1097188?
8
What is the hundred thousands digit of 1159714085?
7
What is the ten millions digit of 37162613?
3
What is the hundreds digit of 955340144?
1
What is the ten thousands digit of 6915844?
1
What is the thousands digit of 281086646?
6
What is the hundred thousands digit of 11198957?
1
What is the ten millions digit of 121972192?
2
What is the ten millions digit of 38200351?
3
What is the units digit of 320065196?
6
What is the units digit of 5154061?
1
What is the thousands digit of 110495180?
5
What is the ten millions digit of 404411265?
0
What is the millions digit of 893462068?
3
What is the hundred millions digit of 348591016?
3
What is the thousands digit of 5815384821?
4
What is the hundred millions digit of 1294550380?
2
What is the units digit of 136609666?
6
What is the ten thousands digit of 125917411?
1
What is the thousands digit of 5324866282?
6
What is the ten millions digit of 2853078998?
5
What is the units digit of 95243054?
4
What is the units digit of 40418562?
2
What is the billions digit of 2193154853?
2
What is the ten millions digit of 231234574?
3
What is the tens digit of 224951290?
9
What is the hundreds digit of 18624093?
0
What is the ten millions digit of 3219824288?
1
What is the thousands digit of 409962315?
2
What is the units digit of 1448100532?
2
What is the thousands digit of 30546578?
6
What is the hundreds digit of 20595398?
3
What is the hundred millions digit of 282532228?
2
What is the tens digit of 3052278039?
3
What is the hundred thousands digit of 4063620618?
6
What is the millions digit of 217300879?
7
What is the hundred thousands digit of 3606715927?
7
What is the thousands digit of 1308058225?
8
What is the thousands digit of 216169195?
9
What is the hundred thousands digit of 1510210730?
2
What is the units digit of 156197717?
7
What is the hundred thousands digit of 674807493?
8
What is the units digit of 27422713?
3
What is the ten millions digit of 27127433?
2
What is the millions digit of 1810489036?
0
What is the ten millions digit of 1652558753?
5
What is the tens digit of 1134690119?
1
What is the tens digit of 68508325?
2
What is the thousands digit of 1766082?
6
What is the hundreds digit of 1431626867?
8
What is the millions digit of 186445169?
6
What is the millions digit of 52009171?
2
What is the hundred thousands digit of 5966856?
9
What is the tens digit of 21978155?
5
What is the ten thousands digit of 1313227770?
2
What is the hundred millions digit of 127200032?
1
What is the hundreds digit of 109035647?
6
What is the thousands digit of 771678163?
8
What is the units digit of 695316208?
8
What is the hundred thousands digit of 4986518331?
5
What is the hundred millions digit of 108479092?
1
What is the ten millions digit of 23474424?
2
What is the hundred thousands digit of 618488543?
4
What is the hundreds digit of 147784830?
8
What is the ten millions digit of 286649141?
8
What is the units digit of 17100406?
6
What is the millions digit of 513804082?
3
What is the thousands digit of 371541721?
1
What is the millions digit of 777747297?
7
What is the tens digit of 479189730?
3
What is the ten millions digit of 1351111797?
5
What is the ten thousands digit of 1122918513?
1
What is the thousands digit of 337541870?
1
What is the thousands digit of 129326224?
6
What is the ten millions digit of 400016416?
0
What is the hundreds digit of 1006209879?
8
What is the tens digit of 157927588?
8
What is the hundreds digit of 21906311?
3
What is the units digit of 325880045?
5
What is the ten thousands digit of 326054373?
5
What is the millions digit of 67239575?
7
What is the units digit of 128193788?
8
What is the hundred thousands digit of 363921287?
9
What is the tens digit of 6555591114?
1
What is the hundred thousands digit of 120701559?
7
What is the ten thousands digit of 203277157?
7
What is the thousands digit of 46694370?
4
What is the ten millions digit of 98688056?
9
What is the ten thousands digit of 3550089144?
8
What is the hundreds digit of 1003094933?
9
What is the ten thousands digit of 451844624?
4
What is the millions digit of 48883825?
8
What is the ten thousands digit of 248461127?
6
What is the millions digit of 164529096?
4
What is the ten thousands digit of 157217189?
1
What is the billions digit of 2467194216?
2
What is the hundreds digit of 6672773243?
2
What is the ten thousands digit of 377417072?
1
What is the ten millions digit of 1678010461?
7
What is the billions digit of 2114023003?
2
What is the thousands digit of 122810115?
0
What is the hundred millions digit of 240193712?
2
What is the units digit of 36367930?
0
What is the hundreds digit of 2352011745?
7
What is the units digit of 1350048242?
2
What is the ten thousands digit of 867154313?
5
What is the hundreds digit of 49421437?
4
What is the thousands digit of 204536740?
6
What is the tens digit of 9036711?
1
What is the ten thousands digit of 40300264?
0
What is the hundreds digit of 38324818?
8
What is the millions digit of 11171089?
1
What is the ten thousands digit of 2975148162?
4
What is the ten thousands digit of 725697610?
9
What is the units digit of 1447059566?
6
What is the thousands digit of 9363834?
3
What is the units digit of 47572027?
7
What is the tens digit of 909160206?
0
What is the tens digit of 3013721548?
4
What is the units digit of 36440511?
1
What is the thousands digit of 40157841?
7
What is the units dig